{"id":150,"date":"2009-03-01T19:52:03","date_gmt":"2009-03-01T18:52:03","guid":{"rendered":"http:\/\/localhost\/new_vis\/jo\/?page_id=150"},"modified":"2017-05-08T18:52:14","modified_gmt":"2017-05-08T17:52:14","slug":"fotografie-bergfoto","status":"publish","type":"page","link":"https:\/\/www.jens-oerter.de\/new_vis\/jo\/hobby\/fotografie-bergfoto\/","title":{"rendered":"Foto-Bilderarchiv"},"content":{"rendered":"<p><strong>(ehemaliges Fotoarchiv von 4Images)<\/strong><\/p>\n<p><strong>Von 1999 bis 2010<\/strong><\/p>\n<p>Vor einigen Jahren habe ich die beliebte 4Image Galerie in meine Homepage integriert. Leider ist die Darstellung der Bilder im 4Image nicht mehr zeitgem\u00e4\u00df und so habe ich mich daf\u00fcr entschieden, die Bilder in die WordPress Nextgen Gallery zu integrieren. Die einzelnen Galerien wurden unver\u00e4ndert importiert. Es kann sein das die Aufl\u00f6sung niedriger ist als aktuelle Bilder. Es sind nun mal Archivdaten. Viele Bilder stammen auch aus den Anf\u00e4ngen meiner Fotografie.&nbsp;<em>Ricoh (Analog), Olympus Digital, Canon S30 und EOS 350&nbsp;<\/em><\/p>\n<p>Hier die Hauptgruppen &#8211; weitere Untergruppen durch anw\u00e4hlen.<\/p>\nngg_shortcode_0_placeholder\n","protected":false},"excerpt":{"rendered":"<p>(ehemaliges Fotoarchiv von 4Images) Von 1999 bis 2010 Vor einigen Jahren habe ich die beliebte 4Image Galerie in meine Homepage integriert. Leider ist die Darstellung der Bilder im 4Image nicht mehr zeitgem\u00e4\u00df und so habe ich mich daf\u00fcr entschieden, die &hellip; <a href=\"https:\/\/www.jens-oerter.de\/new_vis\/jo\/hobby\/fotografie-bergfoto\/\">Weiterlesen <span class=\"meta-nav\">&rarr;<\/span><\/a><\/p>\n","protected":false},"author":2,"featured_media":0,"parent":132,"menu_order":0,"comment_status":"open","ping_status":"open","template":"","meta":{"ngg_post_thumbnail":0,"footnotes":""},"class_list":["post-150","page","type-page","status-publish","hentry"],"aioseo_notices":[],"_links":{"self":[{"href":"https:\/\/www.jens-oerter.de\/new_vis\/jo\/wp-json\/wp\/v2\/pages\/150","targetHints":{"allow":["GET"]}}],"collection":[{"href":"https:\/\/www.jens-oerter.de\/new_vis\/jo\/wp-json\/wp\/v2\/pages"}],"about":[{"href":"https:\/\/www.jens-oerter.de\/new_vis\/jo\/wp-json\/wp\/v2\/types\/page"}],"author":[{"embeddable":true,"href":"https:\/\/www.jens-oerter.de\/new_vis\/jo\/wp-json\/wp\/v2\/users\/2"}],"replies":[{"embeddable":true,"href":"https:\/\/www.jens-oerter.de\/new_vis\/jo\/wp-json\/wp\/v2\/comments?post=150"}],"version-history":[{"count":0,"href":"https:\/\/www.jens-oerter.de\/new_vis\/jo\/wp-json\/wp\/v2\/pages\/150\/revisions"}],"up":[{"embeddable":true,"href":"https:\/\/www.jens-oerter.de\/new_vis\/jo\/wp-json\/wp\/v2\/pages\/132"}],"wp:attachment":[{"href":"https:\/\/www.jens-oerter.de\/new_vis\/jo\/wp-json\/wp\/v2\/media?parent=150"}],"curies":[{"name":"wp","href":"https:\/\/api.w.org\/{rel}","templated":true}]}}

<p><strong>(ehemaliges Fotoarchiv von 4Images)</strong></p>
<p><strong>Von 1999 bis 2010</strong></p>
<p>Vor einigen Jahren habe ich die beliebte 4Image Galerie in meine Homepage integriert. Leider ist die Darstellung der Bilder im 4Image nicht mehr zeitgemäß und so habe ich mich dafür entschieden, die Bilder in die WordPress Nextgen Gallery zu integrieren. Die einzelnen Galerien wurden unverändert importiert. Es kann sein das die Auflösung niedriger ist als aktuelle Bilder. Es sind nun mal Archivdaten. Viele Bilder stammen auch aus den Anfängen meiner Fotografie.&nbsp;<em>Ricoh (Analog), Olympus Digital, Canon S30 und EOS 350&nbsp;</em></p>
<p>Hier die Hauptgruppen &#8211; weitere Untergruppen durch anwählen.</p>
ngg_shortcode_0_placeholder

<p>(ehemaliges Fotoarchiv von 4Images) Von 1999 bis 2010 Vor einigen Jahren habe ich die beliebte 4Image Galerie in meine Homepage integriert. Leider ist die Darstellung der Bilder im 4Image nicht mehr zeitgemäß und so habe ich mich dafür entschieden, die &hellip; <a href="https://www.jens-oerter.de/new_vis/jo/hobby/fotografie-bergfoto/">Weiterlesen <span class="meta-nav">&rarr;</span></a></p>
