{"id":160,"date":"2009-03-01T20:44:11","date_gmt":"2009-03-01T19:44:11","guid":{"rendered":"http:\/\/localhost\/new_vis\/jo\/?page_id=160"},"modified":"2018-03-04T18:32:01","modified_gmt":"2018-03-04T17:32:01","slug":"dav-deutscher-alpenverein","status":"publish","type":"page","link":"https:\/\/www.jens-oerter.de\/new_vis\/jo\/projekte\/dav-deutscher-alpenverein\/","title":{"rendered":"DAV (Alpenverein)"},"content":{"rendered":"<p><strong style=\"color: #000000;\"><a href=\"http:\/\/www.dav-siegerland.de\" target=\"_blank\" rel=\"noopener\">DAV Sektion Siegerland e. V.<\/a><\/strong><\/p>\n<div><img loading=\"lazy\" decoding=\"async\" src=\"\/new_vis\/allg_pics\/hiking\/stubaieralpen\/siegerlandhuette.jpg\" alt=\"\" width=\"310\" height=\"150\"><\/div>\n<p>Information und Chronik<\/p>\n<p>Vereinsstruktur<\/p>\n<p>Hauptsitz des Vereins: Siegen, Vereinsgeb\u00e4ude in der Leimbachstrasse 76 , 57074 Siegen<\/p>\n<p>Gr\u00fcndungsjahr 1880, Mitgliederzahl: 5000&nbsp;(Stand Juni 2016)<\/p>\n<p>Vereinszweck<\/p>\n<p>Zweck des Vereins ist, die Kenntnisse der Hochgebirge zu erweitern, das Bergsteigen und Wandern, besonders der Jugend zu f\u00f6rdern und pflegen, die Sch\u00f6nheit und Urspr\u00fcnglichkeit der Bergwelt zu erhalten und dadurch die Liebe zur Heimat zu st\u00e4rken.<\/p>\n<p>Aktivit\u00e4ten<\/p>\n<p>Bergsteigerische Ausbildung und Unternehmungen, alpiner Skilauf, alpines Jugendwandern, F\u00f6rderung des Bergf\u00fchrer- und Rettungswesens, Eintreten f\u00fcr Natur- und Landschaftsschutz, Pflege der Heimat- und Naturkunde, gemeinsame Bergfahrten und Wanderungen, Vortr\u00e4ge.<\/p>\n<p>Gruppen<\/p>\n<p>Zur Zeit bestehen folgende Gruppen:<\/p>\n<p><strong><a class=\"Stil5\" href=\"http:\/\/www.jens-oerter.de\/new_vis\/jo\/?page_id=170\" target=\"_parent\">Hochtourengruppe<\/a>,<\/strong> Bergfahrtengruppe, Wandergruppe, Familiengruppe, Jugendgruppe, Klettersportgruppe, Musikantentreff, Singgruppe sowie Ortsgruppen in Dillenburg und Hachenburg.<\/p>\n<p>Siegerlandh\u00fctte<\/p>\n<p>Eigentum der Sektion Siegerland, gelegen in 2710 Meter H\u00f6he in den n\u00f6rdlichen Stubaier Alpen; Talort S\u00f6lden im \u00d6tztal, erbaut 1928 &#8211; 1930, mehrfach erweitert, bewirtschaftet in der Regel Anfang Juli bis Mitte September, insgesamt ca. 60 Schlafpl\u00e4tze, offener Winterraum.<\/p>\n<p>Neubau des Winterraums der Siegerlandh\u00fctte im Jahr 2008. In den letzten Jahren wurde einiges erweitert &#8211; neue Unterkunftsr\u00e4ume der H\u00fcttenwirte und Duschen. Seit einigen Jahren ist auch ein Wasserkraftwerk im Einsatz. Einige R\u00e4ume werde so auch elektrisch beheizt.<\/p>\n<p>Regelm\u00e4\u00dfig ehrenamtliche Arbeitseins\u00e4tze von Sektionsmitgliedern zur Unterhaltung und Instandsetzung der H\u00fctte und Bergwege<\/p>\n","protected":false},"excerpt":{"rendered":"<p>DAV Sektion Siegerland e. V. Information und Chronik Vereinsstruktur Hauptsitz des Vereins: Siegen, Vereinsgeb\u00e4ude in der Leimbachstrasse 76 , 57074 Siegen Gr\u00fcndungsjahr 1880, Mitgliederzahl: 5000&nbsp;(Stand Juni 2016) Vereinszweck Zweck des Vereins ist, die Kenntnisse der Hochgebirge zu erweitern, das Bergsteigen &hellip; <a href=\"https:\/\/www.jens-oerter.de\/new_vis\/jo\/projekte\/dav-deutscher-alpenverein\/\">Weiterlesen <span class=\"meta-nav\">&rarr;<\/span><\/a><\/p>\n","protected":false},"author":2,"featured_media":0,"parent":156,"menu_order":0,"comment_status":"open","ping_status":"open","template":"","meta":{"ngg_post_thumbnail":0,"footnotes":""},"class_list":["post-160","page","type-page","status-publish","hentry"],"aioseo_notices":[],"_links":{"self":[{"href":"https:\/\/www.jens-oerter.de\/new_vis\/jo\/wp-json\/wp\/v2\/pages\/160","targetHints":{"allow":["GET"]}}],"collection":[{"href":"https:\/\/www.jens-oerter.de\/new_vis\/jo\/wp-json\/wp\/v2\/pages"}],"about":[{"href":"https:\/\/www.jens-oerter.de\/new_vis\/jo\/wp-json\/wp\/v2\/types\/page"}],"author":[{"embeddable":true,"href":"https:\/\/www.jens-oerter.de\/new_vis\/jo\/wp-json\/wp\/v2\/users\/2"}],"replies":[{"embeddable":true,"href":"https:\/\/www.jens-oerter.de\/new_vis\/jo\/wp-json\/wp\/v2\/comments?post=160"}],"version-history":[{"count":0,"href":"https:\/\/www.jens-oerter.de\/new_vis\/jo\/wp-json\/wp\/v2\/pages\/160\/revisions"}],"up":[{"embeddable":true,"href":"https:\/\/www.jens-oerter.de\/new_vis\/jo\/wp-json\/wp\/v2\/pages\/156"}],"wp:attachment":[{"href":"https:\/\/www.jens-oerter.de\/new_vis\/jo\/wp-json\/wp\/v2\/media?parent=160"}],"curies":[{"name":"wp","href":"https:\/\/api.w.org\/{rel}","templated":true}]}}

<p><strong style="color: #000000;"><a href="http://www.dav-siegerland.de" target="_blank" rel="noopener">DAV Sektion Siegerland e. V.</a></strong></p>
<div><img loading="lazy" decoding="async" src="/new_vis/allg_pics/hiking/stubaieralpen/siegerlandhuette.jpg" alt="" width="310" height="150"></div>
<p>Information und Chronik</p>
<p>Vereinsstruktur</p>
<p>Hauptsitz des Vereins: Siegen, Vereinsgebäude in der Leimbachstrasse 76 , 57074 Siegen</p>
<p>Gründungsjahr 1880, Mitgliederzahl: 5000&nbsp;(Stand Juni 2016)</p>
<p>Vereinszweck</p>
<p>Zweck des Vereins ist, die Kenntnisse der Hochgebirge zu erweitern, das Bergsteigen und Wandern, besonders der Jugend zu fördern und pflegen, die Schönheit und Ursprünglichkeit der Bergwelt zu erhalten und dadurch die Liebe zur Heimat zu stärken.</p>
<p>Aktivitäten</p>
<p>Bergsteigerische Ausbildung und Unternehmungen, alpiner Skilauf, alpines Jugendwandern, Förderung des Bergführer- und Rettungswesens, Eintreten für Natur- und Landschaftsschutz, Pflege der Heimat- und Naturkunde, gemeinsame Bergfahrten und Wanderungen, Vorträge.</p>
<p>Gruppen</p>
<p>Zur Zeit bestehen folgende Gruppen:</p>
<p><strong><a class="Stil5" href="http://www.jens-oerter.de/new_vis/jo/?page_id=170" target="_parent">Hochtourengruppe</a>,</strong> Bergfahrtengruppe, Wandergruppe, Familiengruppe, Jugendgruppe, Klettersportgruppe, Musikantentreff, Singgruppe sowie Ortsgruppen in Dillenburg und Hachenburg.</p>
<p>Siegerlandhütte</p>
<p>Eigentum der Sektion Siegerland, gelegen in 2710 Meter Höhe in den nördlichen Stubaier Alpen; Talort Sölden im Ötztal, erbaut 1928 &#8211; 1930, mehrfach erweitert, bewirtschaftet in der Regel Anfang Juli bis Mitte September, insgesamt ca. 60 Schlafplätze, offener Winterraum.</p>
<p>Neubau des Winterraums der Siegerlandhütte im Jahr 2008. In den letzten Jahren wurde einiges erweitert &#8211; neue Unterkunftsräume der Hüttenwirte und Duschen. Seit einigen Jahren ist auch ein Wasserkraftwerk im Einsatz. Einige Räume werde so auch elektrisch beheizt.</p>
<p>Regelmäßig ehrenamtliche Arbeitseinsätze von Sektionsmitgliedern zur Unterhaltung und Instandsetzung der Hütte und Bergwege</p>

<p>DAV Sektion Siegerland e. V. Information und Chronik Vereinsstruktur Hauptsitz des Vereins: Siegen, Vereinsgebäude in der Leimbachstrasse 76 , 57074 Siegen Gründungsjahr 1880, Mitgliederzahl: 5000&nbsp;(Stand Juni 2016) Vereinszweck Zweck des Vereins ist, die Kenntnisse der Hochgebirge zu erweitern, das Bergsteigen &hellip; <a href="https://www.jens-oerter.de/new_vis/jo/projekte/dav-deutscher-alpenverein/">Weiterlesen <span class="meta-nav">&rarr;</span></a></p>
